is the remainder when 533 is divided by h?
17
Calculate the remainder when (-4)/18 + (589580/(-54))/((-388)/582) is divided by 90.
87
Let y(k) = -k**3 - 28*k**2 + 3524*k - 37. What is the remainder when y(-75) is divided by -4*3/(-6) - -11?
12
Let t(q) = -q - 1. Let u(p) = 6*p - 75. Let s(b) = -2*t(b) - u(b). What is the remainder when s(7) is divided by 19?
11
Let u = 3961 - 914. What is the remainder when u is divided by 122?
119
Suppose 86*u = 17509 + 14569. What is the remainder when u is divided by 26?
9
Let a(o) = -53*o - 684. What is the remainder when a(-25) is divided by 110?
91
Let z be (888 + -2)*(-15)/(-6). Suppose -2*h = -5*m - h + z, 2*m = -4*h + 886. Suppose 147 = -8*k + m. What is the remainder when k is divided by 8?
5
What is the remainder when 3870 is divided by 1/((-5)/(-747)) - (-11)/(2035/(-74))?
145
Suppose -2*a = -4*c + 15368, 4*c = 5*a + 5373 + 9989. Calculate the remainder when c is divided by 61.
0
Let n(x) = 60*x - 524. Let w be 14/21 - 13/(-3). Suppose -224 = -3*g + 3*h - h, 0 = g - w*h - 66. Calculate the remainder when g is divided by n(9).
12
Suppose 0 = -10*b + 8*b + 20. Suppose -n - 576 = -b*n. Calculate the remainder when 190 is divided by n.
62
Let m(y) = -2*y**3 + 17*y**2 - 9*y + 11. Let d be m(8). Suppose d*z + 5*l - 94 = 0, 3*z - 4*l = -z + 168. Calculate the remainder when 150 is divided by z.
36
Suppose 0 = 115*k - 127*k. Suppose k = 2*c - 4*x - 10, 7*x - 4*x = 0. What is the remainder when 83 is divided by c?
3
Let g = -5300 + 5378. Let q be 12*(20/(-6))/5. Let j = 8 - q. Calculate the remainder when g is divided by j.
14
Let m be ((-3)/6)/(2/(-4)). Suppose 1166*v = 42784 + 17848. What is the remainder when v is divided by (2 - 1 - m) + 8?
4
Let f = 5770 - 5741. Suppose c = -2*l + 90, 5*c - l - 432 = -2*l. What is the remainder when c is divided by f?
28
What is the remainder when 3366 is divided by 405/(-9)*(-10)/45?
6
Let i = -59 - -52. Suppose 3*n - 57 = 18. What is the remainder when n is divided by 693/49 - (-1)/i?
11
Let f = -1486 + 1499. Calculate the remainder when 13868 is divided by f.
10
Suppose 8*o = 11*o - 95*o + 17940. What is the remainder when o is divided by (-5)/(-25) + 244/5?
48
Suppose -4*g = i - 39, 5*i + g + 912 - 1069 = 0. Suppose 3*m + 5*c = 667, -m + 81 + 128 = 5*c. Calculate the remainder when m is divided by i.
12
Let c(g) = -272*g + 78. Let z be c(-4). Let d = -1132 + z. Let i(y) = -y**3 - 7*y**2 - 6*y + 7. Calculate the remainder when d is divided by i(-6).
6
Let r(m) = 23*m - 31. Let o be r(3). Calculate the remainder when 2445/57 - (-4)/o is divided by 9.
7
Let x = 1241 - 320. Suppose -2*g + x = 3*a, 0*a - 911 = -2*g - a. Calculate the remainder when g is divided by 65.
63
Let p = -204 + 201. Let v(c) = c**2 + 98. Calculate the remainder when v(0) is divided by 1 + 2 - p/15*235.
48
Let l be 12 - (-5 - (7 - 19)). Suppose -4*h = 5*w - 2*w - 180, 5*h - 230 = -l*w. What is the remainder when 134 is divided by h?
8
Let s(m) = m**2 + 5*m - 662. Let y be s(0). Let c = y - -681. What is the remainder when 27 is divided by c?
8
Let w(o) = o**2 - 2*o - 9. Let n be w(5). Suppose -2*t = -5*t + n. Suppose t*g + 76 - 378 = -4*y, -g + 385 = 5*y. What is the remainder when y is divided by 16?
14
Suppose -236*z + 233*z = -201. What is the remainder when 284 is divided by z?
16
Let h be ((-34)/(-4))/(5*(-1)/(-10)). What is the remainder when -2 + (-3 - (2 - 184)) is divided by (-1 - h/(-5))*15?
33
Let j(f) = 266*f + 10. Let i be j(1). Suppose 0 = -y + 9*k - 10*k + 58, 0 = 5*y - 2*k - i. Calculate the remainder when 161 is divided by y.
49
What is the remainder when (636/(-8))/(2/(56/(-6))) is divided by 185?
1
Calculate the remainder when 861 is divided by -20*(-3 + (-6)/(210/(-77))).
13
Suppose -2*c = 4*d + 12, c + 5*d - 5 = 4. Let y = 44 + c. Let u = -23 + y. Calculate the remainder when 19 is divided by u.
4
Let o = -23923 - -23860. Suppose -128 = -3*k + 73. Let m = o + k. Calculate the remainder when 22 is divided by m.
2
Let p = 12875 - 12706. Calculate the remainder when p is divided by 79.
11
Let x(s) = s**3 - 31*s**2 + 114*s - 137. What is the remainder when (91/2)/(2/12) is divided by x(27)?
23
Let u(h) = -2*h**3 - 6*h**2 - 3*h + 2. Let w be u(-5). Let r = w - 46. What is the remainder when r is divided by 25?
21
Suppose -1368 = -5*l + w, 5*l - w - 1350 = -6*w. Let q = 316 - l. Let f(t) = 15*t. Calculate the remainder when q is divided by f(1).
13
Let j(y) = 128*y**2 + 3*y - 9. Calculate the remainder when j(2) is divided by 192.
125
Suppose 0 = 5*p - 5*j - 351 - 814, 5*j = 10. What is the remainder when 722 is divided by p?
17
Let b = 181 + 12. Let t(m) = 53*m - 823. Calculate the remainder when b is divided by t(16).
18
Suppose 5*v - 397 = 4*h, -92*v - 5*h = -86*v - 545. Calculate the remainder when 567 is divided by v.
57
Suppose 0 = 3*b - 5*s - 4188, -5*b + 5*s - 3443 = -10443. Calculate the remainder when b is divided by 64.
62
Let v(y) = -12 + 13*y - 8*y**2 + 23 + 12*y**2 + 20. What is the remainder when 195 is divided by v(-5)?
63
Suppose -9*z + 107 - 71 = 0. Suppose 0 = 2*p - z*t, -4*p + 4*t + 14 = 2. Calculate the remainder when 139 is divided by p.
1
Let f(i) = i**3 - i**2 - 4*i + 7. Suppose 0 = 5*r - 37 + 22. What is the remainder when 77 is divided by f(r)?
12
Let s(i) = 213*i**2 - 10*i - 8. Let n be s(-1). Let j = n + -194. What is the remainder when j is divided by 9?
3
What is the remainder when 6*7*2424/252 is divided by 180?
44
Let t(c) = c + 61. Let j(w) = -5*w**2 + 106*w - 8. Calculate the remainder when t(0) is divided by j(21).
9
Let z be (-1)/((12/(-176))/3). Let s be z/12 + (-4)/6. Suppose 6*m - s*m = 36. What is the remainder when m is divided by 4?
0
Suppose 27 = 2*y + 4*x - 41, 0 = -4*y - 2*x + 136. Suppose 0*n + r - 114 = 5*n, -3*r + y = -n. Let q = 60 - n. What is the remainder when q is divided by 22?
16
What is the remainder when 538 is divided by (-710)/(-8) + (5 - 465/124)?
88
Suppose 2*a - 8 - 26 = 0. Let h(n) = n**2 + 819*n + 8916. What is the remainder when h(-11) is divided by a?
11
Let u be -4 - (-27)/33 - (-4)/22. Let a(k) = -10*k - 16. Calculate the remainder when 110 is divided by a(u).
12
Let k = -74 + 126. Let y(u) = 237*u + 482. Let m be y(-2). Suppose -m*p = k - 1004. Calculate the remainder when p is divided by 40.
39
Let z(a) = -a**2 - 9*a + 75. Let l be z(-14). What is the remainder when l - (-592)/24*15/2 is divided by 49?
43
Suppose 3*x = z - 43 - 0, 2*z - 76 = x. Suppose -3*v + 2*u + 10 - 1 = 0, -3*u = 0. Calculate the remainder when -216*(v/1)/(9/(-2)) is divided by z.
33
Let z(w) = -7*w + 12. Let m(h) = -12*h + 19. Let i(u) = -3*m(u) + 5*z(u). Let t(p) = -p. Let k be t(-1). What is the remainder when 15 is divided by i(k)?
3
Suppose -1152 = -49*z + 906. Calculate the remainder when 73 is divided by z.
31
Let i be ((-139)/(-139))/(-2*1/(-10)). Suppose 0 = -4*g + 3*g + 1, -i*a + 104 = 4*g. Calculate the remainder when a is divided by 12.
8
Let r be (3 - ((-14)/3 + 3))*3. Suppose -12*h + r*h = 22. Calculate the remainder when 1156/36 + (-2)/18 is divided by h.
10
Suppose -12*z + 2*p - 834 = -17*z, -3*p - 492 = -3*z. What is the remainder when z is divided by 37?
18
Suppose -4*i = 4*g - 328, 246 = 2*g - 4*i + 100. Let u = g + -38. Let a = 65 - u. What is the remainder when a is divided by 3?
0
Let s(d) = -d + 2*d**2 + 10*d + 3*d - 3*d**2 - 21. Let m be s(9). Suppose 0 = j + m*j - 273. Calculate the remainder when j is divided by 12.
3
What is the remainder when 542 is divided by 5/(135/(-171))*(-18 - -3)?
67
Let o(x) = -23*x - 9*x - 17*x + 1 + 2*x**2 + 9*x. Calculate the remainder when 3 is divided by o(20).
0
Suppose 0 = -5*a - 0*t + t + 10, 0 = -5*a + 5*t - 10. Suppose 13 = l - 1. Calculate the remainder when a/(18/3)*44 is divided by l.
8
What is the remainder when 76104/441 + 10/7 is divided by 28?
6
Let t(d) = 2*d**3 + 4*d**2 - 3*d + 1. Suppose -103*x + 9432 = -79*x. Suppose 0 = -7*g - 50 + x. Calculate the remainder when g is divided by t(2).
22
Let h = 16 - -71. Let l(d) = -53*d - 18. Let y be l(-3). Let u = y - h. What is the remainder when u is divided by 8?
6
Suppose -3*k - 5 = -8*k. Suppose 4*x = 110 - 14. Calculate the remainder when (k/(-2))/((-6)/1104) is divided by x.
20
Suppose -230 = -3*k + 5*z - 14, -k = 5*z - 